-96*v**3 - 6*v**2 + 3*v + 10. What is w(-1)?
97
Let w(d) = 14*d + 204. Determine w(-15).
-6
Let y(z) = -z**3 - 38*z**2 - 107*z - 23. Calculate y(-35).
47
Let m(p) = -p**3 + 59*p**2 - 57*p - 243. Determine m(58).
-185
Let z(k) = k**3 + 7*k**2 + 5*k - 6. What is z(-10)?
-356
Let d(i) = 4384*i + 35074. What is d(-8)?
2
Let a(l) = -18*l - 53. Calculate a(10).
-233
Let p(f) = -f**2 + 437*f - 11833. Determine p(29).
-1
Let i(t) = -5*t**2 - 31*t - 7. Determine i(-5).
23
Let x(t) = -655*t - 111342. Give x(-170).
8
Let g(l) = -456*l - 7744. Calculate g(-17).
8
Let d(y) = y**3 - 24*y**2 + 43*y + 26. Determine d(22).
4
Let v(p) = -24*p - 50. What is v(0)?
-50
Let f(x) = 2*x**3 - 8*x**2 - 79*x - 13. Calculate f(-5).
-68
Let q(p) = -68*p - 74. Give q(-3).
130
Let y(s) = 286*s + 9138. Calculate y(-32).
-14
Let h(i) = i**2 - 28*i + 171. Determine h(18).
-9
Let g(x) = 2*x**3 - 10*x**2 + 16*x + 14. Give g(8).
526
Let s(l) = 45*l + 32. Give s(-4).
-148
Let w(y) = 394*y + 1990. Give w(-5).
20
Let o(p) = -p**2 + 29*p - 142. Give o(30).
-172
Let j(n) = -4*n**2 + 100*n + 20. What is j(26)?
-84
Let k(d) = 23*d - 23. What is k(1)?
0
Let h(y) = 2*y**3 + 62*y**2 - 2*y - 96. Determine h(-31).
-34
Let h(n) = n**3 + 8*n**2 - 11*n + 47. Calculate h(-9).
65
Let y(q) = 4*q**2 + 77*q + 238. Calculate y(-3).
43
Let w(s) = 4*s**2 - 122*s + 336. Determine w(3).
6
Let q(t) = -t**2 + 16*t + 274. Determine q(26).
14
Let f(t) = t**2 - 122*t + 770. Determine f(6).
74
Let d(h) = 2*h**3 + 25*h**2 + 86*h + 2. What is d(-6)?
-46
Let f(i) = -i**2 - 31*i + 48. What is f(-40)?
-312
Let o(v) = 2*v**3 + 74*v**2 - 2*v - 67. Determine o(-37).
7
Let o(f) = -9*f**2 + 69*f - 24. Calculate o(8).
-48
Let q(z) = 4*z**2 - 104*z - 121. Calculate q(-1).
-13
Let c(h) = -h**2 + 93*h - 595. Determine c(86).
7
Let r(n) = -3*n**2 - 691*n + 6217. Determine r(-239).
3
Let y(w) = 5*w + 150. What is y(-19)?
55
Let g(v) = v**3 - 12*v**2 - 54*v + 543. Determine g(13).
10
Let o(h) = -194*h - 4685. Calculate o(-24).
-29
Let g(s) = -9*s + 28. Give g(4).
-8
Let a(k) = -47*k - 269. What is a(-6)?
13
Let w(l) = -39*l**3 - 232*l**2 - 74. Determine w(-6).
-2
Let t(w) = -w + 58. Give t(58).
0
Let c(r) = -r**2 - 15*r - 95. Calculate c(-6).
-41
Let r(f) = 4*f**2 + 10*f + 1. What is r(-5)?
51
Let y(a) = -a**3 + 29*a**2 + 2*a + 24. Determine y(0).
24
Let o(d) = d**3 + 7*d**2 - 99*d + 305. Calculate o(-15).
-10
Let z(a) = -a**2 + 63*a + 1073. Calculate z(76).
85
Let g(o) = 15*o + 67. Calculate g(-13).
-128
Let j(f) = f**3 + 6*f**2 - 1672*f - 103. Determine j(38).
-103
Let w(x) = -x**2 + 3*x + 286. What is w(18)?
16
Let x(h) = 28*h**2 + 760*h + 49. Calculate x(-27).
-59
Let f(n) = -2*n**2 - 10*n - 12. What is f(-1)?
-4
Let j(h) = 70*h + 830. What is j(-12)?
-10
Let n(x) = -4*x**3 + 69*x**2 - 61*x - 6. Calculate n(1).
-2
Let f(a) = -88*a - 9241. Give f(-105).
-1
Let h(w) = 10*w**2 - 53*w - 15. Give h(6).
27
Let z(a) = -2*a**2 + 6*a + 353. Determine z(15).
-7
Let t(v) = -v**2 - 176*v + 2041. What is t(11)?
-16
Let v(q) = 2*q**3 - 63*q**2 + 88*q + 47. What is v(30)?
-13
Let d(a) = -3*a**3 + 24*a**2 + 16*a - 246. Determine d(7).
13
Let b(u) = u**3 + 18*u**2 + 31*u - 180. Calculate b(-5).
-10
Let t(u) = -4*u**2 + 24*u + 1255. Determine t(21).
-5
Let k(j) = j**3 + 62*j**2 + 56*j - 706. Calculate k(-61).
-401
Let t(q) = -129*q + 356. What is t(3)?
-31
Let w(x) = -2*x**3 + 7*x + 8. Determine w(-1).
3
Let m(w) = -62*w - 585. Calculate m(-9).
-27
Let n(k) = 8*k**2 - 24*k - 185. Give n(12).
679
Let l(z) = -82*z + 465. Give l(7).
-109
Let b(x) = -259*x - 1297. What is b(-5)?
-2
Let g(y) = -167*y + 7735. Calculate g(46).
53
Let s(c) = 12*c - 73. Calculate s(8).
23
Let s(d) = 76*d**2 + 4*d - 4. Give s(1).
76
Let l(t) = -t**3 + 35*t**2 + 36*t - 117. Calculate l(36).
-117
Let w(s) = 47*s + 3076. What is w(-67)?
-73
Let s(t) = -63*t - 2087. Calculate s(-33).
-8
Let w(a) = 270*a - 6. What is w(0)?
-6
Let t(h) = 3*h**3 + 14*h**2 - 3*h - 31. What is t(-4)?
13
Let a(k) = -k**3 + 4*k**2 + 39*k - 320. Determine a(7).
-194
Let x(k) = -21*k + 672. What is x(31)?
21
Let w(d) = -2*d**3 - 5*d**2 - 12*d - 42. Calculate w(-3).
3
Let f(r) = 2*r**3 - 193*r**2 + 647*r + 319. Calculate f(93).
-53
Let h(m) = -29*m - 941. What is h(-32)?
-13
Let t(x) = 3*x**2 + 207*x + 7. Give t(-69).
7
Let v(o) = -77*o - 616. What is v(-8)?
0
Let z(g) = g**3 - 38*g**2 + 65*g - 1020. Determine z(37).
16
Let h(p) = -p**3 - 25*p**2 + 85*p + 52. Give h(-28).
24
Let a(p) = -2*p**2 + 7*p - 18. Calculate a(4).
-22
Let k(z) = 183*z - 767. Determine k(4).
-35
Let y(z) = -5*z**2 - 35*z + 49. What is y(-15)?
-551
Let d(c) = c**3 + 85*c**2 + 56*c - 2382. What is d(-84)?
-30
Let g(w) = -w**3 - 57*w**2 + 52*w - 332. Give g(-58).
16
Let v(n) = -340*n - 83979. Determine v(-247).
1
Let i(s) = -s**2 - 56*s - 759. What is i(-23)?
0
Let r(x) = 126*x - 649. Give r(9).
485
Let v(d) = -3*d**2 - 226*d - 941. Give v(-4).
-85
Let v(x) = -2*x**3 - 10*x**2 - 635*x - 2500. Give v(-4).
8
Let y(d) = -15*d**2 - 4812*d - 3837. Determine y(-320).
3
Let n(x) = -x**2 + 107*x + 886. Give n(-8).
-34
Let o(y) = -y**3 - 228*y**2 - 4715*y - 14. What is o(-23)?
-14
Let u(d) = -17*d**2 + 833*d - 2350. Determine u(46).
-4
Let q(v) = 13*v + 2351. Calculate q(-182).
-15
Let l(z) = -960*z + 202554. Give l(211).
-6
Let z(j) = j**3 + 157*j**2 + 442*j + 20472. What is z(-155)?
12
Let a(h) = 3*h**2 - 185*h + 373. What is a(2)?
15
Let z(d) = -4*d**2 - 34*d + 451. What is z(8)?
-77
Let r(o) = o**3 - 23*o**2 + 95*o + 32. Determine r(8).
-168
Let b(y) = -y**3 - 5*y**2 + 37. What is b(-4)?
21
Let d(u) = u**2 - 128*u + 2851. Determine d(99).
-20
Let b(t) = -55*t**2 + 1927*t - 65. Give b(35).
5
Let q(o) = 8*o**3 - 18*o**2 + 30*o - 11. Calculate q(1).
9
Let l(g) = -665*g + 9976. Give l(15).
1
Let q(j) = 14*j + 231. Give q(-15).
21
Let p(m) = -21*m**2 + 859*m + 79. Calculate p(41).
-3
Let w(z) = 466*z - 2815. Calculate w(6).
-19
Let c(h) = -52*h + 1712. Give c(32).
48
Let q(a) = 145*a - 1304. Give q(9).
1
Let f(c) = 22*c**2 + 567*c - 119. Calculate f(-26).
11
Let w(c) = -210*c - 14274. Give w(-68).
6
Let d(z) = 12*z**2 - 300*z + 112. Calculate d(25).
112
Let u(d) = 74*d**2 + d - 4. What is u(1)?
71
Let n(l) = -5*l - 44. Give n(-15).
31
Let v(n) = n**3 - 19*n**2 - 126*n - 5. What is v(-5)?
25
Let b(d) = -4*d**3 - 83*d**2 + 26*d - 14. Calculate b(-21).
-119
Let g(k) = -k**3 + 27*k**2 - 23*k - 42. Give g(26).
36
Let n(i) = i**3 + 6*i**2 - 16*i - 11. Determine n(-6).
85
Let v(m) = -13*m**2 - 47*m + 310. Determine v(8).
-898
Let v(i) = 32*i**2 + 4*i + 7. Give v(-1).
35
Let t(q) = -2*q**2 - 12*q - 4. What is t(-5)?
6
Let s(r) = 380*r + 11402. Determine s(-30).
2
Let v(g) = -10*g - 142. Determine v(-18).
38
Let c(j) = 4*j**3 + 462*j**2 - 186*j + 5332. Give c(-116).
-4
Let i(y) = -2*y**2 + 32*y - 40. What is i(14)?
16
Let o(m) = m**3 + 37*m**2 + 175*m - 61. Calculate o(-6).
5
Let j(n) = 893*n + 2675. Determine j(-3).
-4
Let k(f) = f**3 + 26*f**2 - 60*f - 55. Calculate k(-28).
57
Let b(t) = 422*t - 1271. What is b(3)?
-5
Let t(i) = -31*i**3 - 3*i**2 - 15*i - 25. Determine t(-2).
241
Let w(r) = 1555*r + 46661. Calculate w(-30).
11
Let v(s) = -4*s**3 - 2*s**2 - 2*s - 28. Calculate v(-3).
68
Let g(n) = -n**3 - 24*n**2 - 177*n - 4295. Calculate g(-24).
-47
Let u(q) = -q**3 + 2*q**2 - 5*q + 21. Calculate u(4).
-31
Let s(d) = -119*d - 241. What is s(-4)?
235
Let j(n) = n**2 - 22*n - 641. Determine j(39).
22
Let b(i) = 186*i + 1221. Give b(-9).
-453
Let n(i) = -i**3 + 25*i**2 + 51*i + 15. Give n(27).
-66
Let m(y) = -37*y - 110. Give m(-4).
38
Let d(m) = -m**3 - 30*m**2 + 115*m + 1652. Determine d(-32).
20
Let n(v) = 815*v + 11450. What is n(-14)?
40
Let n(l) = l**3 - 10*l**2 + 12*l + 53. Give n(8).
21
Let d(f) = f**3 + 19*f**2 - 48*f - 49. Calculate d(-21).
77
Let w(i) = 18*i**2 - 277*i + 330. What is w(14)?
-20
Let a(q) = q**2 + 17*q - 51. What is a(-18)?
-33
Let p(q) = 45*q**2 - 138*q + 12. Determine p(3).
3
Let k(b) = 68*b - 791. Determine k(12).
25
Let y(w) = -20*w**2 + 44*w + 42. Calculate y(-1).
-22
Let y(b) = -3*b**3 + 26*b**2 + 65*b + 74. Determine y(11).
-58
Let p(v) = -2*v**3 - 93*v**2 - 38*v + 363. Determine p(-46).
-5
Let h(k) = -2*k**3 + 115*k**2 + 70*k - 704. Determine h(58).
-8
Let m(z) = -386*z + 3453. Give m(9).
-21
Let t(o) = o**3 